-50 - (2 + 0) is divided by y?
13
Let y = 109 + -74. What is the remainder when y is divided by (-2 + 15/(-2))*-2?
16
Suppose 2*x - 14 = -3*y + 25, -x = y - 17. Let r = x + -6. Suppose 49 = 4*s + 3*q, 0 = s + 4*s + q - 53. What is the remainder when s is divided by r?
4
Suppose g = -2*l + 89, 0 = 3*l - 5*g + g - 139. Calculate the remainder when 87 is divided by l.
42
Let b(w) = 26*w + 3. Suppose -7*m = -8*m + 4. Calculate the remainder when b(m) is divided by 27.
26
Let w(s) = 2*s**2 + 6*s + 9. What is the remainder when 32 is divided by w(-3)?
5
Suppose 0 = -5*v - q - 14, -2*q - 22 = 5*v + q. Calculate the remainder when 9 is divided by (-3 + 1)*5/v.
4
Suppose 5*k = 5*x + 10, -4*k = 2*x + 6 - 2. Suppose 2*v + 25 = 3*v - 2*b, k = 3*b. Calculate the remainder when 99 is divided by v.
24
Let a = 4 - 11. Let v(q) = -q**3 - 6*q**2 + 7*q + 4. Calculate the remainder when 11 is divided by v(a).
3
Suppose z + 13 = 5*n - 2, 0 = -3*z. Let o(d) = -d**2 + 2*d + 6. What is the remainder when 11 is divided by o(n)?
2
Let h(s) = -s**2 + 10*s - 9. Let g be h(6). Let c = -16 - -59. What is the remainder when c is divided by (-14)/(-7)*g/2?
13
Let v(u) = -27*u**3 + u**2 - u - 1. Calculate the remainder when 108 is divided by v(-1).
24
Suppose q + 4*w - 18 = 0, 5*q + 0*w - 2 = 2*w. Let k be 1*3 - (-1 + 2). Suppose 4 + 2 = k*j. What is the remainder when j is divided by q?
1
Suppose -2*p + p + 17 = 0. Suppose -p = -3*x + z + 9, 0 = 4*x - 3*z - 28. Suppose -2*q + 7 + 5 = 0. What is the remainder when x is divided by q?
4
Let w = 11 + -11. Suppose w*x = -x - 2*u + 3, 0 = 2*x - 5*u - 6. What is the remainder when x is divided by 2?
1
Let h = -1 + 40. Suppose 5*z + h = -206. Calculate the remainder when 21 is divided by (-308)/z + (-2)/7.
3
Let a(f) = -f**3 - 7*f**2 - 6*f + 7. What is the remainder when a(-6) is divided by 4?
3
Suppose 4*o = -4*d + 68, d + 55 = 5*o - 0*o. What is the remainder when 23 is divided by o?
11
What is the remainder when 6 is divided by -5 + 2 + 0 - -7?
2
Let v(y) = 2*y. Let f = 52 + -30. Suppose -m - 4 = -3*c + f, -c = -5*m - 32. Calculate the remainder when 26 is divided by v(c).
12
Let c(u) = u**3 + 6*u**2 + 5*u + 2. What is the remainder when 53 is divided by c(-3)?
11
Suppose 0 = -p - 3*p + 28. What is the remainder when (-243)/(-12) - 4/16 is divided by p?
6
Let m = 75 + -119. Suppose 0 = 5*k + 3*y - 8*y + 350, -4*k = -5*y + 282. Let n = m - k. Calculate the remainder when n is divided by 13.
11
Suppose 5*d = -d + 84. Let j(m) be the second derivative of m**3/3 - 2*m**2 + 2*m. Calculate the remainder when d is divided by j(6).
6
Suppose -s = n + 4*n - 4, -2*s + n = -63. What is the remainder when s is divided by 15?
14
Let v be -3 + (-3 - (-7 - -1)). Suppose v = t - 6 - 7. What is the remainder when t is divided by 8?
5
Suppose 0 = -4*n + 8. Suppose -n*a + 0*a = -4*s + 202, -s - 5*a + 45 = 0. Calculate the remainder when s is divided by 17.
16
Let d be 22 - (-4 + 0 - -3). Suppose 2*v - d = 45. What is the remainder when v is divided by 18?
16
Suppose 3 = 4*o + 11, -4*u + 3*o + 142 = 0. What is the remainder when u is divided by 9?
7
Suppose 18*v - 19*v = -90. What is the remainder when v is divided by 23?
21
Let i(h) = -4*h - 9. Let o = -16 + 10. Calculate the remainder when 44 is divided by i(o).
14
Let a be 48/2 - (-10)/(-10). Let d = a + -13. Suppose -5*n + 26 = q, 7*n = 2*n + 20. Calculate the remainder when d is divided by q.
4
Suppose h - 1 = 9. Let g be (-8)/(-10)*h/4. Suppose -64 = -g*i - 3*u, 4*i - 5*u = 2*i + 80. What is the remainder when i is divided by 12?
11
Let n = 8 - 9. Let g be 0*n/(-3 + 1). Suppose t - 227 = -5*s, 2*s - 5*t - 26 - 81 = g. What is the remainder when s is divided by 16?
14
Let y = -95 - -188. What is the remainder when y is divided by 24?
21
Let o be (-2)/(-2)*6*-1. Let s = 26 - o. What is the remainder when s is divided by 11?
10
Let v(w) = w**3 + w**2 - 1. Let p(u) = 5*u**3 + 13*u**2 - 5*u - 2. Let c(o) = -p(o) + 6*v(o). Calculate the remainder when c(7) is divided by 11.
9
Calculate the remainder when 90 is divided by (124/(-12))/(2/(-6)).
28
Let s be 1 + 0 + -4 + -1. Calculate the remainder when s/14 + 1968/28 is divided by 24.
22
Let u = 19 - 12. Suppose -4 = -a, -2*z - 1 = -2*a - u. Suppose 0*y - y = -z. Calculate the remainder when y is divided by 3.
1
Let q(p) = -p**2 - 4*p + 1. Let z be q(-3). Suppose z*c = 13 + 7. Suppose f - 24 = -2*f. What is the remainder when f is divided by c?
3
Let i be -2 + 6*244/6. Calculate the remainder when i/14 + 8/(-28) is divided by 9.
8
Calculate the remainder when 33 is divided by (1 - 0)/((-17)/(-153)).
6
Suppose -5*s = 3*h - 26, -h = -4*s + 2*s - 5. Suppose 35 = 5*x - 25. What is the remainder when 2/h + 981/21 is divided by x?
11
Let g = -9 - -12. Calculate the remainder when 5 is divided by g.
2
Suppose 18 = -15*i + 138. Calculate the remainder when 183 is divided by i.
7
Suppose -18 = 4*z - 6*z. What is the remainder when 24 is divided by z?
6
Suppose 4*l + 155 = t, 5*t = 3 + 12. Suppose 114 = 4*k + 370. Let u = l - k. What is the remainder when u is divided by 14?
12
Let b(j) = 6 + 4 + 2*j**2 - 9*j - 3. Suppose -53 = -5*n + 2*h, 3*h = 3*n - 32 - 7. Calculate the remainder when b(6) is divided by n.
7
Let a = 10 + -8. Suppose 4 + a = 3*j. Suppose y + 13 = j*y. What is the remainder when 49 is divided by y?
10
Let v = 66 + 80. Calculate the remainder when v is divided by 37.
35
Let x = 7 - -5. Suppose -l = x - 38. What is the remainder when 100 is divided by l?
22
Suppose 0 = k - 4 - 2. Let u = 6 + -2. Calculate the remainder when k is divided by u.
2
Let o(n) = n + 1. Suppose -6*t = -t. Suppose 9 = 3*p - t*p. What is the remainder when o(p) is divided by 2?
0
Suppose 6*r - 8 = 2*r. Suppose 2 = r*a - 4. Suppose a*c - 5*c = -8. Calculate the remainder when c is divided by 2.
0
Suppose 5*g + 3*b - 12 = 0, 4 = b - 5*b. Suppose g*n - 2*k - 47 = 0, -4*n = -5*k + 2*k - 61. What is the remainder when (2 - 4)/(-2)*37 is divided by n?
18
Let i = 22 + -8. Calculate the remainder when 38 is divided by i.
10
Suppose 40 + 345 = 7*q. What is the remainder when q is divided by 19?
17
Suppose 10*j - 15 = 9*j. Calculate the remainder when 27 is divided by j.
12
Let q(a) = -a**2 + 6*a + 12. Calculate the remainder when 22 is divided by q(6).
10
Let j = 2 - -22. Let h(w) = 3*w**2 + 4*w - 14. What is the remainder when h(-6) is divided by j?
22
What is the remainder when 15 - (-5)/((-5)/(-2)) is divided by 5?
2
Let d(x) = 2*x**2 - 7*x - 5. What is the remainder when 120 is divided by d(6)?
20
Suppose 5 + 1 = -2*r. Let h(b) = b**3 + b**2 - 2*b + 3. Let d be h(r). Calculate the remainder when 24/d*30/(-4) is divided by 11.
9
Let u = -130 - -141. Calculate the remainder when u is divided by 7.
4
Suppose 5*g = 300 - 10. Let i = g - 41. Calculate the remainder when i is divided by 6.
5
Let h = -99 - -141. Suppose -2*l = -6 - 20. What is the remainder when l is divided by h/8 - (-1)/(-4)?
3
Let h = -18 + 28. Calculate the remainder when 16 is divided by h.
6
Let u be 1 + (1 - 0) - 1. Suppose h + 22 = 2. What is the remainder when 16 is divided by -2 + u - h/2?
7
Calculate the remainder when (-2 - -29)*4/6 is divided by 11.
7
Suppose -72 = -y - 3*y. Let a = 36 - 20. Calculate the remainder when a is divided by (y/8)/(7/28).
7
Let s be 0*(9/(-6))/3. Suppose 0 = 3*x - s - 6. What is the remainder when 0 - -11*(0 + x) is divided by 8?
6
Suppose 6*f = 86 + 244. Calculate the remainder when f is divided by 8.
7
Suppose 2*j - 13 = -5. Suppose -2*m + 2 = z - 5, -j*z + 23 = 3*m. What is the remainder when 3 is divided by m?
0
Let b = -28 + 20. Let f = 10 + b. Suppose 0 = -f*p + 6 + 10. What is the remainder when 29 is divided by p?
5
Let o(m) = 1 - m + 15*m**2 + m - 3*m + m. Let x be ((-2)/(-4))/((-2)/(-4)). Calculate the remainder when 54 is divided by o(x).
12
Let b(j) = 12*j + 1. What is the remainder when 149 is divided by b(2)?
24
Calculate the remainder when 175 is divided by (4/2 - -41) + 1.
43
Let n = 8 + -6. Calculate the remainder when (-390)/(-12) + 1/n is divided by 17.
16
Let r = 8 + -4. Calculate the remainder when 13 is divided by r.
1
Let t(j) = 4*j**2 + j - 1. Let d(g) = g**3 + 7*g**2 + 3*g - 2. Let y be d(-6). Let n = 49 - y. What is the remainder when n is divided